{"id":4992,"date":"2024-06-29T11:02:00","date_gmt":"2024-06-29T11:02:00","guid":{"rendered":"https:\/\/3dprint.capib.ro\/?post_type=product&#038;p=4992"},"modified":"2024-07-27T09:53:01","modified_gmt":"2024-07-27T09:53:01","slug":"semne-de-carte","status":"publish","type":"product","link":"https:\/\/capib.ro\/3dprint\/product\/semne-de-carte\/","title":{"rendered":"Semne de carte | Set Semne de carte personalizate | 25 lei"},"content":{"rendered":"<p>Dac\u0103:<\/p>\n<ul>\n<li>dori\u021bi un semn de carte personalizat<\/li>\n<li>ave\u021bi orice \u00eentreb\u0103ri<\/li>\n<li>vre\u021bi un model care nu este listat \u00een magazinul meu<\/li>\n<\/ul>\n<p>trimite\u021bi-mi un mesaj \u0219i probabil pot s\u0103 \u00eel realizez \ud83d\ude42<\/p>\n<p>Semnele de carte imprimate 3D \u00een straturi ofer\u0103 o combina\u021bie unic\u0103 de estetic\u0103 \u0219i func\u021bionalitate, av\u00e2nd un efect tridimensional \u0219i un design texturat distinct.<\/p>\n<p>Acestea sunt create cu mare aten\u021bie la detalii, folosind tehnologii de ultim\u0103 genera\u021bie pentru a ob\u021bine modele complexe \u0219i atr\u0103g\u0103toare, de la forme geometrice p\u00e2n\u0103 la reprezent\u0103ri artistice \u0219i motive inspirate din natur\u0103.<\/p>\n<p>Fiind suficient de sub\u021biri pentru a se potrivi perfect \u00eentre paginile unei c\u0103r\u021bi, aceste semne de carte asigur\u0103 o utilizare u\u0219oar\u0103 \u0219i convenabil\u0103, f\u0103r\u0103 a deteriora sau deforma paginile.<\/p>\n<p>Totu\u0219i, grosimea lor le confer\u0103 rezisten\u021ba necesar\u0103 pentru a face fa\u021b\u0103 utiliz\u0103rii repetate, f\u0103r\u0103 s\u0103 se \u00eendoaie sau s\u0103 se rup\u0103.<\/p>\n<p>Materialele folosite \u00een procesul de imprimare 3D sunt durabile \u0219i de \u00eenalt\u0103 calitate, garant\u00e2nd o via\u021b\u0103 lung\u0103 \u0219i o rezisten\u021b\u0103 crescut\u0103 la uzur\u0103.<\/p>\n<p>Pe l\u00e2ng\u0103 func\u021bionalitatea practic\u0103, semnele de carte imprimate 3D pot fi personalizate \u00een func\u021bie de preferin\u021bele utilizatorului.<\/p>\n<p>Fie c\u0103 este vorba de culori, modele sau mesaje gravate, op\u021biunile de personalizare sunt aproape nelimitate, transform\u00e2nd fiecare semn de carte \u00eentr-o pies\u0103 unic\u0103 \u0219i special\u0103.<\/p>\n<p>Aceasta le face ideale nu doar pentru uz personal, ci \u0219i ca daruri considerate \u0219i estetice pentru iubitorii de c\u0103r\u021bi.<\/p>\n<p>Dac\u0103:<\/p>\n<ul>\n<li>dori\u021bi un semn de carte personalizat<\/li>\n<li>ave\u021bi orice \u00eentreb\u0103ri<\/li>\n<li>vre\u021bi un model care nu este listat \u00een magazinul meu<\/li>\n<\/ul>\n<p>trimite\u021bi-mi un mesaj \u0219i probabil pot s\u0103 \u00eel realizez \ud83d\ude42<\/p>\n","protected":false},"excerpt":{"rendered":"<p>Semne de carte<\/p>\n<p>Imprimate 3d \u00een straturi, oferindu-le un efect 3d \u0219i un design texturat.<\/p>\n<p>Suficient de sub\u021bire pentru a se potrivi perfect \u00een interiorul unei c\u0103r\u021bi, suficient de gros pentru a fi rezistent.<\/p>\n","protected":false},"featured_media":5015,"comment_status":"closed","ping_status":"closed","template":"","meta":{"_acf_changed":false,"slim_seo":{"description":"Semne de carte. Imprimate 3d \u00een straturi, oferindu-le un efect 3d \u0219i un design texturat.","title":"Semne de carte | Set Semne de carte personalizate | 25 lei - | Capib.ro"}},"product_brand":[],"product_cat":[96,85],"product_tag":[],"class_list":{"0":"post-4992","1":"product","2":"type-product","3":"status-publish","4":"has-post-thumbnail","6":"product_cat-magazin","7":"product_cat-semne-de-carte","8":"product_shipping_class-shop","10":"first","11":"onbackorder","12":"shipping-taxable","13":"purchasable","14":"product-type-variable"},"acf":[],"_links":{"self":[{"href":"https:\/\/capib.ro\/3dprint\/wp-json\/wp\/v2\/product\/4992","targetHints":{"allow":["GET"]}}],"collection":[{"href":"https:\/\/capib.ro\/3dprint\/wp-json\/wp\/v2\/product"}],"about":[{"href":"https:\/\/capib.ro\/3dprint\/wp-json\/wp\/v2\/types\/product"}],"replies":[{"embeddable":true,"href":"https:\/\/capib.ro\/3dprint\/wp-json\/wp\/v2\/comments?post=4992"}],"wp:featuredmedia":[{"embeddable":true,"href":"https:\/\/capib.ro\/3dprint\/wp-json\/wp\/v2\/media\/5015"}],"wp:attachment":[{"href":"https:\/\/capib.ro\/3dprint\/wp-json\/wp\/v2\/media?parent=4992"}],"wp:term":[{"taxonomy":"product_brand","embeddable":true,"href":"https:\/\/capib.ro\/3dprint\/wp-json\/wp\/v2\/product_brand?post=4992"},{"taxonomy":"product_cat","embeddable":true,"href":"https:\/\/capib.ro\/3dprint\/wp-json\/wp\/v2\/product_cat?post=4992"},{"taxonomy":"product_tag","embeddable":true,"href":"https:\/\/capib.ro\/3dprint\/wp-json\/wp\/v2\/product_tag?post=4992"}],"curies":[{"name":"wp","href":"https:\/\/api.w.org\/{rel}","templated":true}]}}