{"id":7348,"date":"2025-08-04T12:26:05","date_gmt":"2025-08-04T12:26:05","guid":{"rendered":"https:\/\/3dprint.capib.ro\/?post_type=product&#038;p=7348"},"modified":"2025-08-05T15:36:49","modified_gmt":"2025-08-05T15:36:49","slug":"ceas-bmw-e30","status":"publish","type":"product","link":"https:\/\/capib.ro\/3dprint\/product\/ceas-bmw-e30\/","title":{"rendered":"Ceas BMW E30 | BMW E30 Tuning\u200b\u200b | Ceas Bord BMW E30 | 50 lei"},"content":{"rendered":"<p data-start=\"72\" data-end=\"343\"><strong>Ceas BMW E30 | BMW E30 Tuning\u200b\u200b | Ceas Bord BMW E30 | 50 lei<\/strong><\/p>\n<p data-start=\"72\" data-end=\"343\">Transform\u0103 aspectul interior al<a href=\"http:\/\/3Dprint.capib.ro\"> ma\u0219inii tale<\/a> clasice cu acest <strong data-start=\"134\" data-end=\"150\">Ceas BMW E30<\/strong>, realizat cu precizie \u0219i aten\u021bie la detalii. Fie c\u0103 e\u0219ti pasionat de tuning sau doar vrei s\u0103 adaugi un element retro autentic, acest ceas de bord este alegerea perfect\u0103 pentru modelul BMW E30.<\/p>\n<p data-start=\"345\" data-end=\"710\">Produsul este <strong data-start=\"359\" data-end=\"398\">fabricat din <a href=\"https:\/\/dd-tuning.ro\/dlya-chogo-vikoristovuetsya-abs-plastik-v-avtomobilyah.html\">ABS<\/a> de \u00eenalt\u0103 calitate<\/strong>, un material durabil \u0219i rezistent la uzur\u0103. Este realizat pe baza unui <strong data-start=\"470\" data-end=\"508\">scan 3D precis al piesei originale<\/strong>, garant\u00e2nd o potrivire perfect\u0103 pe bordul ma\u0219inii. Datorit\u0103 acestui proces de fabrica\u021bie, ceasul nu doar replic\u0103 fidel originalul, ci ofer\u0103 \u0219i posibilitatea de <strong data-start=\"669\" data-end=\"686\">personalizare<\/strong> pentru un plus de stil.<\/p>\n<p data-start=\"712\" data-end=\"946\">Este o pies\u0103 ideal\u0103 pentru restaur\u0103ri, proiecte de tuning sau pentru colec\u021bionari care doresc s\u0103 p\u0103streze autenticitatea modelului BMW E30. Se instaleaz\u0103 u\u0219or \u0219i ofer\u0103 un aspect profesional, exact ca \u00een versiunea original\u0103 de fabric\u0103.<\/p>\n<h3 data-start=\"948\" data-end=\"979\">\u2705 Caracteristici principale<\/h3>\n<div class=\"_tableContainer_16hzy_1\">\n<div class=\"_tableWrapper_16hzy_14 group flex w-fit flex-col-reverse\" tabindex=\"-1\">\n<table class=\"w-fit min-w-(--thread-content-width)\" data-start=\"981\" data-end=\"1580\">\n<thead data-start=\"981\" data-end=\"1055\">\n<tr data-start=\"981\" data-end=\"1055\">\n<th data-start=\"981\" data-end=\"1008\" data-col-size=\"sm\">Caracteristic\u0103<\/th>\n<th data-start=\"1008\" data-end=\"1055\" data-col-size=\"sm\">Detalii<\/th>\n<\/tr>\n<\/thead>\n<tbody data-start=\"1131\" data-end=\"1580\">\n<tr data-start=\"1131\" data-end=\"1205\">\n<td data-start=\"1131\" data-end=\"1158\" data-col-size=\"sm\">Compatibilitate<\/td>\n<td data-col-size=\"sm\" data-start=\"1158\" data-end=\"1205\">BMW E30<\/td>\n<\/tr>\n<tr data-start=\"1206\" data-end=\"1280\">\n<td data-start=\"1206\" data-end=\"1233\" data-col-size=\"sm\">Material<\/td>\n<td data-col-size=\"sm\" data-start=\"1233\" data-end=\"1280\">ABS (plastic dur, rezistent)<\/td>\n<\/tr>\n<tr data-start=\"1281\" data-end=\"1355\">\n<td data-start=\"1281\" data-end=\"1308\" data-col-size=\"sm\">Proces de fabrica\u021bie<\/td>\n<td data-col-size=\"sm\" data-start=\"1308\" data-end=\"1355\">Scan 3D al piesei originale<\/td>\n<\/tr>\n<tr data-start=\"1356\" data-end=\"1430\">\n<td data-start=\"1356\" data-end=\"1383\" data-col-size=\"sm\">Op\u021biuni de personalizare<\/td>\n<td data-col-size=\"sm\" data-start=\"1383\" data-end=\"1430\">Da, se poate personaliza<\/td>\n<\/tr>\n<tr data-start=\"1431\" data-end=\"1505\">\n<td data-start=\"1431\" data-end=\"1458\" data-col-size=\"sm\">Pre\u021b<\/td>\n<td data-col-size=\"sm\" data-start=\"1458\" data-end=\"1505\">50 lei<\/td>\n<\/tr>\n<tr data-start=\"1506\" data-end=\"1580\">\n<td data-start=\"1506\" data-end=\"1533\" data-col-size=\"sm\">Utilizare<\/td>\n<td data-col-size=\"sm\" data-start=\"1533\" data-end=\"1580\">Restaurare, tuning, colec\u021bie auto<\/td>\n<\/tr>\n<\/tbody>\n<\/table>\n<div class=\"sticky end-(--thread-content-margin) h-0 self-end select-none\">\n<div class=\"absolute end-0 flex items-end\"><\/div>\n<\/div>\n<\/div>\n<\/div>\n<p data-start=\"1582\" data-end=\"1773\">Este o pies\u0103 ideal\u0103 pentru restaur\u0103ri, proiecte de tuning sau pentru colec\u021bionari care doresc s\u0103 p\u0103streze autenticitatea modelului BMW E30. Se instaleaz\u0103 u\u0219or \u0219i ofer\u0103 un aspect profesional, exact ca \u00een versiunea original\u0103 de fabric\u0103.<\/p>\n<p data-start=\"1582\" data-end=\"1773\">Nu l\u0103sa bordul ma\u0219inii tale s\u0103 r\u0103m\u00e2n\u0103 incomplet \u2013 adaug\u0103 acest <strong data-start=\"1645\" data-end=\"1661\">Ceas BMW E30<\/strong> \u0219i red\u0103-i farmecul original! Perfect pentru pasiona\u021bii de ma\u0219ini clasice, tuning auto \u0219i restauratori dedica\u021bi.<\/p>\n<p data-start=\"1775\" data-end=\"1894\" data-is-last-node=\"\" data-is-only-node=\"\">\ud83d\udd27 Comand\u0103 acum \u0219i bucur\u0103-te de un accesoriu de bord autentic, durabil \u0219i complet personalizabil pentru BMW E30-ul t\u0103u!<\/p>\n","protected":false},"excerpt":{"rendered":"<p><strong>Ceas BMW E30 | BMW E30 Tuning\u200b\u200b | Ceas Bord BMW E30 | 50 LEI<\/strong><\/p>\n<ul>\n<li data-start=\"158\" data-end=\"196\">\n<p data-start=\"160\" data-end=\"196\"><strong>Compatibil cu toate modelele BMW E30<\/strong><\/p>\n<\/li>\n<li data-start=\"158\" data-end=\"196\">\n<p data-start=\"160\" data-end=\"196\"><strong>Livrare rapid\u0103 &#8211; 14.99 lei<\/strong><\/p>\n<\/li>\n<li data-start=\"197\" data-end=\"309\">\n<p data-start=\"199\" data-end=\"309\"><strong>Fabricat din material ABS utilizat \u00een industria auto.<\/strong><\/p>\n<\/li>\n<li data-start=\"310\" data-end=\"373\">\n<p data-start=\"312\" data-end=\"373\"><strong>Reprodus cu precizie prin scanare 3D dup\u0103 piesa original\u0103<\/strong><\/p>\n<\/li>\n<\/ul>\n","protected":false},"featured_media":7353,"comment_status":"closed","ping_status":"closed","template":"","meta":{"_acf_changed":false,"slim_seo":{"description":"Cump\u0103r\u0103 Ceas BMW E30 realizat din ABS de calitate, scanat dup\u0103 piesa original\u0103. Ideal pentru tuning, restaurare \u0219i personalizare bord BMW E30.","title":"Ceas BMW E30 | BMW E30 Tuning\u200b\u200b | Ceas Bord BMW E30 | 50 lei - | Capib.ro"}},"product_brand":[],"product_cat":[262,268],"product_tag":[],"class_list":{"0":"post-7348","1":"product","2":"type-product","3":"status-publish","4":"has-post-thumbnail","6":"product_cat-accesorii-auto","7":"product_cat-bmw","8":"product_shipping_class-shop","10":"first","11":"instock","12":"shipping-taxable","13":"purchasable","14":"product-type-variable"},"acf":[],"_links":{"self":[{"href":"https:\/\/capib.ro\/3dprint\/wp-json\/wp\/v2\/product\/7348","targetHints":{"allow":["GET"]}}],"collection":[{"href":"https:\/\/capib.ro\/3dprint\/wp-json\/wp\/v2\/product"}],"about":[{"href":"https:\/\/capib.ro\/3dprint\/wp-json\/wp\/v2\/types\/product"}],"replies":[{"embeddable":true,"href":"https:\/\/capib.ro\/3dprint\/wp-json\/wp\/v2\/comments?post=7348"}],"wp:featuredmedia":[{"embeddable":true,"href":"https:\/\/capib.ro\/3dprint\/wp-json\/wp\/v2\/media\/7353"}],"wp:attachment":[{"href":"https:\/\/capib.ro\/3dprint\/wp-json\/wp\/v2\/media?parent=7348"}],"wp:term":[{"taxonomy":"product_brand","embeddable":true,"href":"https:\/\/capib.ro\/3dprint\/wp-json\/wp\/v2\/product_brand?post=7348"},{"taxonomy":"product_cat","embeddable":true,"href":"https:\/\/capib.ro\/3dprint\/wp-json\/wp\/v2\/product_cat?post=7348"},{"taxonomy":"product_tag","embeddable":true,"href":"https:\/\/capib.ro\/3dprint\/wp-json\/wp\/v2\/product_tag?post=7348"}],"curies":[{"name":"wp","href":"https:\/\/api.w.org\/{rel}","templated":true}]}}